m) be the second derivative of m**4/6 + 5*m**3/3 + 2*m**2 - 3*m. Let r be b(-7). Let o = -20 + r. What are the prime factors of o?
2, 3
Suppose -5*y + 3*r + 13 = 0, -4*y = 3*r - r - 6. Let o(z) = y*z**2 + z**3 + 7 - 5*z + 0*z**3 - 6*z**2. What are the prime factors of o(5)?
7
Let w be 2/(3/(99/(-6))). Let l = w + 27. List the prime factors of l.
2
What are the prime factors of (-1717)/34*(-2)/1?
101
Suppose -4*u + 43 + 25 = 0. Let y = u - 0. List the prime factors of y.
17
Let h(q) = q**2 + 9*q + 5. Let x be h(-5). What are the prime factors of 6/x - (-172)/5?
2, 17
Let o(k) = -9*k**2 + 4*k - 3. Let s(b) = 5*b**2 - 2*b + 2. Let m(w) = -3*o(w) - 5*s(w). Let i = 7 - 5. List the prime factors of m(i).
3
Let b(r) = -r**3 - 9*r**2 + 7*r + 17. List the prime factors of b(-10).
47
Suppose -2*g = 3*g + 30. Let v = g - -18. List the prime factors of v.
2, 3
Let n be 1 - (0 - (2 - 0)). Suppose 4*r - n*p - 31 = 0, -3*p + 29 = -3*r + 5*r. List the prime factors of r.
2, 5
Let k = 43 - 37. What are the prime factors of k?
2, 3
Let k be (-93)/6*(-2 - 0). Let x(v) = -v - 1. Let a be x(-3). Suppose -3*r + 58 = a*p, 2*r - k = r - 3*p. What are the prime factors of r?
2
What are the prime factors of (-2 - (-36)/15)*110?
2, 11
Let p be 6/9 - (-8)/(-12). Suppose p = -3*c + 62 + 28. What are the prime factors of c?
2, 3, 5
List the prime factors of 6/(-6) + 276/4.
2, 17
Suppose 8*u - 1491 = 4*u - 3*l, 0 = -2*u - l + 743. List the prime factors of u.
3, 41
Suppose 0 = -6*f + f + 10. Let z(g) = 4 - g**3 - g + 2*g**2 - 3*g + 3*g**f. List the prime factors of z(3).
2, 5
Let n(t) = t**2 + 5*t - 50. List the prime factors of n(7).
2, 17
Let p(r) = -39*r + 2. List the prime factors of p(-2).
2, 5
Let r(n) = -2*n - n**3 + 24 - 4*n**2 - 21 - n. List the prime factors of r(-3).
3
Suppose 72 = -4*u - 0*u. Let q = u + 41. List the prime factors of q.
23
Let j be (-22 + (-2 - 0))*1. Let f = 40 + j. What are the prime factors of f?
2
Let a(c) = c**2 + 7*c + 3. Let g be a(-8). Suppose g*l - 270 = 6*l. What are the prime factors of l/7 + (-2)/(-7)?
2
List the prime factors of (8/4 + -4)*(-63)/2.
3, 7
Let f = -189 + 355. What are the prime factors of f?
2, 83
Suppose -3*g = -4*v - 128, -v - 3*v + 152 = 4*g. Suppose -p = -4*p - a + g, -3*p + 48 = 3*a. What are the prime factors of p?
2, 3
Suppose 2*o = 3*n - 2*n - 44, 2*n - 2*o = 84. Let t = n - 23. What are the prime factors of t?
17
Let x = 14 + -26. List the prime factors of 18/2*(-8)/x.
2, 3
Let i(v) = -9*v**2 + 2*v - 1. Let z be i(1). Suppose -4*w = -h - 44, 4*w - 2*h - 55 = -w. Let r = z + w. List the prime factors of r.
3
Let x be (3 + 4/(-2))*2. Let v(b) = -10 - b + 15 - 7 + 5*b**2. List the prime factors of v(x).
2
Let l = 62 - 35. Suppose -2*r - 6 = -0*k + 2*k, 4*k + l = -r. Let p = 4 - k. What are the prime factors of p?
2, 3
Suppose 0 = -16*a + 2*a + 3066. List the prime factors of a.
3, 73
Let l(p) = p**3 - 6*p**2 + 2*p - 3. Let w be l(6). Let d = w - -8. List the prime factors of d.
17
Suppose 13 + 37 = 2*s. What are the prime factors of s?
5
Let o(j) = -j**2 + 6*j + 5. Let r be o(7). Let q = r + 6. Suppose y - 2 + 0 = -4*t, -q*y = -5*t - 8. What are the prime factors of y?
2
Let q = -16 + 8. Suppose 0 = -3*z + 8*z - 70. Let v = z + q. What are the prime factors of v?
2, 3
Suppose 4*i - 13 = -v, -5*i + v = -0*v - 23. List the prime factors of i.
2
Let p(y) = 5*y**2 - y - 4 - 4*y**2 - y. What are the prime factors of p(4)?
2
Suppose -33*u + 32*u = -411. List the prime factors of u.
3, 137
Suppose -107*w + 128 = -106*w. What are the prime factors of w?
2
Let a = 8 - 44. Let o = a - -58. What are the prime factors of o?
2, 11
Suppose 0*y = -4*y + 12. Let z be -1 + 12 + y + -4. Suppose -u + z = 4*u. List the prime factors of u.
2
Let h be -3*(-2 - 15/(-9)). What are the prime factors of -2 + (0/h - -12)?
2, 5
Let v(q) = 3*q - 15. List the prime factors of v(10).
3, 5
Suppose 5*h = -3*l + 2*h + 180, 247 = 4*l - 3*h. List the prime factors of l.
61
Suppose -2*j - 2*p + 66 = 0, j - 43 = -0*j + p. What are the prime factors of j?
2, 19
Let u be 0/(-3*(-2)/3). Let h be (1 - 0) + (2 - 1). Suppose -h*y + 18 = -u*y. List the prime factors of y.
3
What are the prime factors of 309/6 + (-4)/(-8)?
2, 13
Suppose 5*d = 1347 - 222. Suppose -f - d = -6*f. What are the prime factors of f?
3, 5
Suppose 0 = -j + 4*w + 42, -5*j - 3*w = -8*w - 225. List the prime factors of j.
2, 23
Let i(r) be the first derivative of r**4/2 - 5*r**3/3 + r**2 - r + 4. What are the prime factors of i(3)?
2, 7
Let c = 89 + 40. List the prime factors of c.
3, 43
Suppose 4*f + 3 = 2*j + 5, -f = -4*j - 4. Suppose f = -5*k - o + 135, -3*o - 14 = -k - 3. What are the prime factors of k?
2, 13
List the prime factors of -37*(9/3 - 4).
37
Let c(s) = 9*s**2 - s. Let x be c(1). Let u(i) = -1 - 13*i**2 + 2*i - i**3 + 5*i**2 + 0 + 2*i**3. List the prime factors of u(x).
3, 5
Let m be 2*3/(-4)*-2. Suppose 0 = m*q - 6*q + 45. Let d = 27 - q. List the prime factors of d.
2, 3
Let s = 14 + -6. What are the prime factors of s?
2
Suppose -2*z + 5 = -5. Suppose z*c - 5*v = 0, -3*c + 5*v - 4 = 3*v. What are the prime factors of ((-2)/c)/(3/36)?
2, 3
Suppose 2*p + 20 = -w + 110, 4*p - w - 168 = 0. What are the prime factors of p?
43
Let h(t) = t**3 - 8*t**2 + 8*t. Let q = 5 + 2. Let s be h(q). What are the prime factors of (s/(-4))/(5/(-20))?
7
Suppose 49 = d + 1. Suppose 4*a = a + d. List the prime factors of a.
2
Let o be -3*4*(-3)/(-18). Let z = -5 - o. List the prime factors of 4 - 3*(-1)/z.
3
Suppose 5*f + 12 - 44 = 3*c, -5*c = f - 12. Suppose -30 = 4*i - f*i. List the prime factors of i.
2, 5
Let x(m) = 2*m**2 - 3*m + 2. Let h = 0 - 4. Let t be (1/1)/((-2)/h). What are the prime factors of x(t)?
2
Let a(v) = -v**2 - 8*v - 8. Let x(w) = 3*w**2 + 24*w + 23. Let q(j) = -11*a(j) - 4*x(j). Suppose 0 = 3*d + 2*d + 20. List the prime factors of q(d).
2, 3
Suppose -6*r + 5*r = 0. Let k(o) = 2*o + o**2 - 6*o - o + 1 + r. List the prime factors of k(7).
3, 5
Suppose 0 = -z + 5*c - 2*c - 30, 3*c - 84 = 4*z. What are the prime factors of 6/z + 86/6?
2, 7
Suppose -u + 1 = 2*p + p, -5*p - 1 = -u. Let j be 50/5*u/2. Suppose -3*y = 3*i - 3, 6*i - 4*i + j*y = -1. What are the prime factors of i?
2
Suppose 9 = c - 43. List the prime factors of c.
2, 13
Let a = 21 - 11. What are the prime factors of 1/(-1) - a/(-2)?
2
Let l = -49 - -118. List the prime factors of l.
3, 23
Suppose -2*f - 2*f = 4. Let m = -1 - f. Suppose -t + 12 = -m. List the prime factors of t.
2, 3
Let c(u) = -u**3 - 7*u**2 - 8*u - 8. Let w be c(-6). Suppose 3*q + w = 4*q. What are the prime factors of q?
2
Let c be 45/6*184/10. List the prime factors of (-6)/24 + c/8.
17
Let q = 76 + -48. What are the prime factors of q?
2, 7
Let i be (-19)/(-5) + (-2)/(-10). Suppose -8 = -2*l + 4*y, 3*l - 2*y - 12 = -7*y. Let j = l + i. List the prime factors of j.
2
Let d = 334 + -152. List the prime factors of d.
2, 7, 13
Let c(l) = -l + 9. Let y be c(9). Suppose y = 3*v + 3 - 15. Suppose -w = 5*a - 68, 0*a + 3*a + v*w - 51 = 0. What are the prime factors of a?
13
Let s(t) = t**3 - 8*t**2 + 4*t - 14. List the prime factors of s(8).
2, 3
Suppose -4*v = -3*x - 32, -4*v + 3*x = 4*x - 48. What are the prime factors of v?
11
Let z(c) = 2*c**2 + 13*c + 10. List the prime factors of z(-8).
2, 17
Suppose -4*q + 179 = -4*u - 77, -5*q + u = -304. What are the prime factors of q?
2, 3, 5
Let q(h) = -h**3 + 4*h**2 + 5*h + 6. Let p(l) = -9*l**3 + 2*l**2 + 2*l + 1. Let o be p(-1). Suppose -t = t - o. What are the prime factors of q(t)?
2, 3
Let c(x) = -6*x + 1. What are the prime factors of c(-6)?
37
Suppose -c - 15 = -6*c. Suppose -2*s + 10 = c*s. List the prime factors of s.
2
What are the prime factors of 8/(-28) - 144/(-14)?
2, 5
Suppose t + 4*t = -55. Let h = t + 20. What are the prime factors of h?
3
Suppose n = -j + 13, j + 7 = -n + 2*n. Let b = 6 + n. Suppose 0*p - b = -p. List the prime factors of p.
2
Suppose 0*z + z + 3*y = 54, -2*y = -2. List the prime factors of z.
3, 17
Let h be -8 + 0*(-3)/6. Let s(x) = -x**2 - 6*x + 8. Let o be s(h). What are the prime factors of 2/o*-2*22?
11
Suppose 3*t + t - 372 = 0. What are the prime factors of t?
3, 31
Suppose -31 - 5 = -4*d. What are the prime factors of d?
3
What are the prime factors of 1/